2 + 157*l + 1134. Calculate g(-8).
6
Let r(n) = n**2 - 25260*n - 733377. Give r(-29).
4
Let n(d) = -d**3 + 93*d**2 - 2073*d + 117. What is n(56)?
61
Let z(c) = 26*c**2 - 1163*c + 1926. Determine z(43).
-9
Let t(h) = 4846*h + 688126. What is t(-142)?
-6
Let u(f) = 276752*f + 70295012. Calculate u(-254).
4
Let z(f) = f**2 - 15260*f + 396111. Give z(26).
27
Let w(m) = 36361*m + 872680. What is w(-24)?
16
Let s(m) = -62427*m + 1248547. Calculate s(20).
7
Let c(l) = 4*l**2 - 1098*l + 1627. Give c(273).
-11
Let w(c) = -7*c**2 + 1237*c - 9674. Determine w(8).
-226
Let h(p) = p**3 - 156*p**2 + 903*p - 320. Calculate h(150).
130
Let y(c) = c**3 + 67*c**2 - 365*c - 29084. Calculate y(-66).
-638
Let r(c) = 2*c**3 + 1921*c**2 - 899*c + 59582. Give r(-961).
0
Let b(g) = 15461*g + 1839868. Determine b(-119).
9
Let h(l) = -243*l - 11503. What is h(-43)?
-1054
Let x(q) = 40*q**2 - 977*q - 5888. Calculate x(-5).
-3
Let t(y) = y**3 - 358*y**2 + 31468*y - 40201. Determine t(150).
-1
Let q(f) = -f**3 + 42*f**2 + 416*f + 177. Give q(-8).
49
Let y(h) = h**3 - 176*h**2 + 327*h + 6008. What is y(174)?
2354
Let y(k) = 5*k**3 + 1723*k**2 + 1721*k - 1. Determine y(-1).
-4
Let m(x) = 7*x - 382. Determine m(32).
-158
Let l(d) = 144*d**2 + 11104*d + 1218. Determine l(-77).
-14
Let c(x) = -4*x**2 + 172*x + 13081. Calculate c(-40).
-199
Let o(f) = 26*f**3 + f**2 + 280*f - 281. What is o(1)?
26
Let b(v) = -51*v**2 - 320*v + 35. Give b(-10).
-1865
Let r(f) = 102*f**2 + 538*f + 119. What is r(-5)?
-21
Let f(h) = 69*h - 4844. Give f(74).
262
Let d(r) = -130*r**3 - 628*r**2 + 116*r + 29. What is d(-5)?
-1
Let r(u) = 2*u**3 - 35*u**2 + 5871*u - 93474. Calculate r(16).
-306
Let f(s) = -130*s**2 - 1937*s - 5839. Calculate f(-3).
-1198
Let l(t) = -3016*t**2 - 256354*t + 516. Calculate l(-85).
6
Let c(j) = 4*j**2 - 244*j + 3044. Calculate c(49).
692
Let j(c) = -146392*c + 10247447. What is j(70)?
7
Let w(y) = 537*y + 6353. Calculate w(-12).
-91
Let u(o) = -318*o - 107419. Determine u(-340).
701
Let i(h) = -14780*h - 709434. Determine i(-48).
6
Let q(o) = -8*o**2 + 25*o + 2856. Give q(-18).
-186
Let a(y) = 27*y**2 - 76*y - 106. Give a(4).
22
Let a(u) = -8456*u - 3247216. Calculate a(-384).
-112
Let v(x) = 16645*x - 7340471. Determine v(441).
-26
Let j(i) = -2*i**3 - 5*i**2 + 22*i + 106. Determine j(-9).
961
Let m(h) = h**3 + 24*h**2 + 196*h - 21. Give m(-10).
-581
Let d(y) = y**3 - 53*y**2 - 1695*y + 91062. Determine d(52).
218
Let f(s) = 198609*s - 8142957. Determine f(41).
12
Let y(k) = 8*k**2 + 440*k + 4800. Determine y(-40).
0
Let a(s) = -5*s**3 - 15*s**2 - 34*s + 128. What is a(3)?
-244
Let w(s) = 188*s - 1665. Calculate w(7).
-349
Let u(q) = 66*q**2 - 1493*q + 6024. What is u(4)?
1108
Let s(q) = -129*q**2 - 4407*q + 39. Determine s(-34).
753
Let j(n) = 1067*n - 23337. Calculate j(22).
137
Let h(l) = -34*l**3 - 6458*l**2 + 13436*l - 773. Give h(-192).
-5
Let m(z) = 89*z + 509. Determine m(1).
598
Let w(g) = 408*g - 224747. Determine w(550).
-347
Let r(w) = 56*w**3 - 7000*w**2 + 18*w - 178. Calculate r(125).
2072
Let o(i) = -6108*i - 3084544. Calculate o(-505).
-4
Let c(s) = -s**2 + 682*s + 84488. Give c(-107).
65
Let k(z) = -218*z**2 + 1133*z - 156. Calculate k(5).
59
Let b(m) = 44376*m + 1153693. Calculate b(-26).
-83
Let b(u) = 9*u**2 + 1151*u + 4450. Give b(-4).
-10
Let o(m) = 2*m**3 - 67*m**2 + 6*m + 778. What is o(33)?
-113
Let n(s) = 2*s**3 + 458*s**2 - 910*s + 3264. What is n(-231)?
30
Let c(z) = -52*z**2 + 97*z + 432. Give c(-4).
-788
Let m(r) = 3*r**3 - 11*r**2 - 1445*r - 508. Calculate m(-20).
-8
Let f(u) = 5*u**3 + 8*u**2 + 1282*u + 2563. Give f(-2).
-9
Let a(i) = -83537*i - 835504. Calculate a(-10).
-134
Let a(r) = -r**3 - 56*r**2 - 788*r - 409. Determine a(-29).
-264
Let x(o) = o**3 + 201*o**2 - 867*o + 33583. Give x(-206).
5
Let b(t) = -2*t**3 + 43*t**2 + 161*t - 1104. Determine b(24).
-120
Let f(y) = 896*y + 4011. What is f(-4)?
427
Let t(f) = f**2 + 76*f - 917. What is t(-77)?
-840
Let c(o) = 11121*o - 35294. What is c(3)?
-1931
Let w(q) = -7*q**2 - 861*q + 1646. What is w(-125)?
-104
Let o(n) = -n**2 + 129*n + 12540. Calculate o(191).
698
Let c(p) = -p**3 + 45*p**2 - 315*p - 171. Give c(35).
1054
Let l(h) = -1404*h**2 - 380509*h - 6764. Determine l(-271).
11
Let q(j) = -562*j - 1913. Determine q(0).
-1913
Let d(c) = 363*c - 14483. What is d(40)?
37
Let s(a) = -13*a**2 + 3615*a + 29153. Give s(-8).
-599
Let i(y) = -506*y - 458. Calculate i(-3).
1060
Let k(j) = 629*j + 3349. Give k(-5).
204
Let u(d) = 9023*d - 442140. What is u(49)?
-13
Let i(o) = o**2 + 2271*o + 255885. Give i(-119).
-203
Let x(c) = -475*c + 24643. Give x(50).
893
Let f(t) = t**2 - 76204*t + 990487. Calculate f(13).
4
Let f(u) = 3*u**2 + 502*u + 19981. What is f(-102)?
-11
Let l(f) = 10*f**2 + 1080*f - 36452. Determine l(-135).
-2
Let v(k) = -8*k**3 + 18*k**2 + 47*k - 265. Determine v(5).
-580
Let r(g) = 189*g + 3917. What is r(-18)?
515
Let y(s) = -2*s**3 + 211*s**2 - 140*s + 5139. What is y(105)?
1464
Let v(b) = 28*b**3 + 331*b**2 + 505*b - 18. Give v(-10).
32
Let m(c) = 23837*c - 119705. Determine m(5).
-520
Let m(y) = 1617*y - 16430. What is m(10)?
-260
Let w(u) = u**3 - 70*u**2 - 13*u + 781. Give w(70).
-129
Let k(u) = -4*u**3 - 715*u**2 + 1627*u - 399. Calculate k(-181).
-37
Let j(d) = -d**3 - 17*d**2 + 30*d + 8. Give j(-21).
1142
Let l(q) = -328*q - 30502. What is l(-89)?
-1310
Let h(x) = 5063*x + 213323. Give h(-42).
677
Let c(s) = 3*s**3 - 24*s**2 + 163*s - 1314. What is c(8)?
-10
Let c(r) = -7275*r - 50910. Calculate c(-7).
15
Let v(b) = b**2 - 138*b - 14809. Give v(-71).
30
Let q(x) = 2*x**3 + 2635*x**2 - 9236*x + 14564. What is q(-1321)?
33
Let n(o) = -o**2 + 1147*o + 83826. What is n(-69)?
-78
Let h(g) = 5*g**3 + 11*g**2 + 11*g - 15. What is h(4)?
525
Let g(v) = 6593*v - 85589. Determine g(13).
120
Let n(z) = -5822*z + 2427781. Calculate n(417).
7
Let o(m) = -23*m**2 - 155*m + 2198. What is o(14)?
-4480
Let d(b) = 34*b**2 + 799*b - 439. Give d(-29).
4984
Let m(c) = -c**2 + 2665*c + 18864. Calculate m(-7).
160
Let u(z) = 2*z**2 - 16124*z - 420587. Determine u(-26).
-11
Let j(p) = 5*p**3 + 592*p**2 + 6097*p - 207. What is j(-107)?
7
Let t(k) = 2*k**2 - 343*k + 7776. Determine t(146).
330
Let y(w) = -1366*w - 40995. Give y(-30).
-15
Let i(g) = -70*g**2 + 408*g - 39. What is i(6)?
-111
Let x(m) = -5718*m - 128746. Calculate x(-22).
-2950
Let u(x) = -3003*x - 23813. Determine u(-8).
211
Let w(t) = -17383*t + 295511. Calculate w(17).
0
Let n(g) = 2*g**2 - 376*g + 3777. Give n(177).
-117
Let o(k) = k**2 - 761278*k + 11418935. Determine o(15).
-10
Let x(i) = -i**3 - 12*i**2 + 152*i - 249. Calculate x(2).
-1
Let w(o) = -17797*o**2 - 124575*o + 7. Determine w(-7).
-21
Let s(i) = -3953*i + 3843. What is s(1)?
-110
Let h(t) = -330317*t - 330313. Give h(-1).
4
Let g(j) = -2*j**2 - 453*j + 463895. Determine g(-608).
-9
Let c(n) = n**2 + 220*n + 3890. What is c(-20)?
-110
Let m(y) = 2*y**3 + 491*y**2 + 308*y + 15149. Calculate m(-245).
-286
Let v(n) = 622*n + 32956. Determine v(-53).
-10
Let y(k) = k**3 + 14*k**2 + 656*k + 7575. Determine y(-12).
-9
Let r(y) = -75*y**3 - 375*y**2 + 2676*y + 13381. Calculate r(-5).
1
Let l(w) = -32*w**3 - 29*w**2 - 30*w + 18. Determine l(-5).
3443
Let b(u) = 133*u**2 + 4120*u + 94. What is b(-31)?
187
Let b(d) = 2*d**3 - 121*d**2 + 33*d + 685. Calculate b(60).
-935
Let t(v) = 2640*v - 12795. Give t(5).
405
Let l(s) = -18806*s - 1824142. Determine l(-97).
40
Let n(a) = -656*a**2 - 5246*a + 6. Determine n(-8).
-10
Let u(l) = 127606*l + 18247651. Give u(-143).
-7
Let t(d) = -3*d**2 - 1340*d - 19773. Calculate t(-15).
-348
Let v(u) = -u**3 - 37*u**2 + 109*u - 250. What is v(-40)?
190
Let o(x) = -2*x**3 + 642*x**2 + 173*x - 55514. What is o(321)?
19
Let p(w) = -38*w**2 - 251*w - 6. Determine p(-10).
-1296
Let w(i) = -17235*i + 34422. What is w(2)?
-48
Let y(p) = p**2 - 6471*p - 286662. Calculate y(-44).
-2
Let v(t) = 9*t**3 + 146*t**2 + 32*t + 23. What is v(-16)?
23
Let i(t) = -52*t**3 + 12*t**2 + 371*t + 685. Give i(-2).
407
Let o(n) = -471*n - 2432. Determine o(-9).
1807
Let f(t) = 28*t**3 + 2968*t**2 - 13*t - 1389. Determine f(-106).
-11
Let j(t) = 1534*t**2 + 4578*t - 67. Calculate j(-3).
5
Let f(n) = -n**3 + 406*n**2 - 6611*n - 13. Determine f(17).
21
Let y(t) = 